*y = s + 2783, -3*y - 110*s + 108*s = -2090. Let f = y + -694. What is the greatest common factor of c and f?
1
Suppose 4*p = p - 5*u + 170, -4*p = -5*u - 180. Suppose 8*y - 28*y + 80 = 0. Let t be (4/y - -1)*5. What is the highest common divisor of t and p?
10
Let l(b) = -b**3 + 35*b**2 - 77*b + 101. Let s be l(25). Calculate the greatest common factor of 2 and s.
2
Let a = 8018 - 7928. What is the greatest common divisor of 5715 and a?
45
Suppose -5*q = -2*q + 30. Suppose 0 = -4*z + i + 81, -4*i = 5*z - 2*i - 98. Let o be (-4)/q + -2*(-796)/z. Calculate the highest common factor of o and 16.
16
Suppose -1725 = -5*h + 4*c, 8 = 5*c + 33. Let m be 0 + h*(3 - 2). Suppose 0 = 19*x + 66*x - 1236 - 1399. Calculate the highest common divisor of m and x.
31
Let d = 716 + -636. Let n = d + 232. Calculate the greatest common factor of n and 12.
12
Let t(o) = -38 - o**3 + 4*o**3 - 10*o - 4*o**3 + 58*o**2 - 39*o**2. Let c be t(17). What is the highest common divisor of 10 and c?
10
Let h = -1060 - -1180. Suppose -90 = -n - 4*k + 52, 0 = 3*n + 5*k - 440. What is the greatest common divisor of h and n?
30
Suppose 0 = 6*s + 39 - 45. Let g be s/(-5 - (-724)/144). Calculate the highest common divisor of g and 8.
4
Suppose 0 = -5*f + 144 - 19. Let g be -5 + (66/44)/((-6)/(-160)). Let r = g - f. What is the greatest common divisor of r and 40?
10
Let l(f) = 2*f + 14. Let k be l(0). Suppose -h = -p + 23, -9*p + k*p - 123 = -3*h. What is the highest common factor of 192 and p?
24
Let f = 1295 - 1292. Suppose 0 = l + j - 3, 4*l + 5*j - 21 + 8 = 0. Calculate the greatest common divisor of f and l.
1
Let a(i) = 3*i**2 - 82*i - 64. Let p be a(32). What is the greatest common factor of 1024 and p?
128
Let o(s) = 2*s**3 - 33*s**2 + 66*s. Let n be o(2). Suppose -i + 3*i = -20. Let y be (-1995)/(-25) - 2/i. Calculate the greatest common divisor of y and n.
16
Let y(x) be the third derivative of 11*x**4/6 + x**3/6 - 9*x**2. Let k be y(2). Suppose 4*z - k - 231 = 0. Calculate the greatest common divisor of 200 and z.
40
Let h(g) = 9*g**2 + 24*g - 360. Let a be h(40). What is the greatest common divisor of 24 and a?
24
Let h(w) = -454*w + 9493. Let x be h(0). What is the greatest common factor of 11 and x?
11
Suppose -g - 3*i = 8 - 3, 3*g - 37 = 4*i. Let d(t) = 0*t - 3 - 2*t + g*t - 6. Let b be d(9). Calculate the highest common factor of 144 and b.
36
Let h be 18/8 - 6441/(-76). Let l = -74 + 132. Calculate the highest common divisor of h and l.
29
Let r = 61 - 21. Let j be (20*-2)/(7/((-490)/28)). What is the greatest common factor of r and j?
20
Let d(b) = 7*b**2 - 3*b - 20. Let r be d(-5). Calculate the highest common divisor of 3230 and r.
170
Let l = 87 + -82. Suppose 2*o - 132 = -4*f, -29*f = l*o - 26*f - 330. Suppose 0 = -2*y - 2*y + 24. What is the highest common factor of o and y?
6
Let d(m) = 4*m**2 - 23*m + 2. Let q be d(6). Suppose 8*b = -q*b + 96. Calculate the greatest common divisor of b and 96.
6
Suppose -8*n + 3780 = -14*n. Let x = n - -635. What is the greatest common factor of 5 and x?
5
Let a(b) = 4 - 3*b - 8 + 2 - 43*b. Let r be a(-2). Let h be 12/2 - (-56)/14. Calculate the highest common divisor of h and r.
10
Suppose 971 = -m + 2636. Suppose 46*w = -166*x + 170*x - 778, -4*x - 5*w + 115 = 0. Calculate the highest common factor of m and x.
45
Let x = -1992 - -2120. Calculate the highest common divisor of 40 and x.
8
Let n(v) = -5*v**3 - 2*v**2 + 3*v - 6. Let y be n(-3). Let p(q) = -q**2 + 14*q - 12. Let l be p(12). What is the highest common factor of y and l?
6
Suppose 7 = -93*z + 94*z. Let b be -11 - -5 - (-14 - (-3 + z)). Calculate the greatest common divisor of b and 124.
4
Let p(b) = b**2 + 3*b - 30. Let j be p(-10). Let x(u) = -15*u**3 + 2*u**2 - 2*u - 3. Let o be x(-1). What is the greatest common factor of j and o?
8
Let h = -11264 + 12092. What is the highest common factor of h and 72?
36
Suppose 122*o = 142*o - 1200. Let n(r) = -r + 5. Let p be n(2). Suppose -22 = -2*s + p*y - 5*y, -26 = -2*s - y. Calculate the highest common divisor of o and s.
15
Suppose -13578 + 783 = -4*r - 5*n, -5*n = 5. Calculate the highest common divisor of r and 140.
20
Suppose -3*u + 3*s + 15405 = 0, 65*u - 20533 = 61*u - 3*s. What is the greatest common divisor of 34 and u?
34
Suppose 2*s = 3*u - 424, 0 = 3*u - 13*s + 10*s - 417. Calculate the greatest common divisor of 41318 and u.
146
Let i(l) = -181*l - l**3 + l**2 + 188*l + 0*l**3 + 6*l**2 + 18. Suppose 0 = 4*q - 34 + 2. Let a be i(q). What is the greatest common factor of 2 and a?
2
Suppose -8*j + 1978 = 73*j - 1262. What is the highest common factor of 2140 and j?
20
Let k = 2608 - 2536. Let i(n) = 4*n**2 - n**3 - n**2 - 5*n**2. Let c be i(-3). What is the highest common factor of c and k?
9
Let h(y) = -29*y - 58. Let n(r) = r**3 - 7*r**2 - 16*r + 53. Let v be n(8). Let p be h(v). Calculate the highest common factor of p and 29.
29
Suppose -163*m + 18*m - 74*m + 876 = 0. Calculate the highest common divisor of 84 and m.
4
Suppose -3*g - 27 = -c, 4*c - 2*c + g - 33 = 0. Let n be (-6 - -14) + -1 + (1 - -24)/(-5). Calculate the highest common factor of n and c.
2
Let a(z) = z**2 - 22*z + 160. Let m(t) = -25*t + 158. Let g be m(6). Let q be a(g). What is the greatest common divisor of q and 204?
12
Let r(y) = -56*y - 22. Let l be r(-3). Suppose 25*b - l = 104. What is the greatest common factor of b and 20?
10
Suppose 0 = 5*t - 5*u - 215, -4*t = 154*u - 149*u - 217. What is the highest common factor of t and 304?
16
Suppose 54*t - 49984 = 102*t - 287296. Calculate the highest common factor of 336 and t.
48
Let c = -1110 + 1158. What is the highest common divisor of c and 129?
3
Suppose 4*l - 9100 = -3*k, -4*l = 27*k - 26*k - 3020. What is the highest common divisor of k and 57?
19
Let n be (-3)/9 - -1 - (-212)/6. Let g be (1 - 2) + 0 + (-3 - -5). Calculate the highest common factor of n and g.
1
Suppose 5*a - 253 = 57. Let i = a + -42. Calculate the highest common factor of i and 20.
20
Let o be -12 + (-1)/((-13)/9711). Calculate the greatest common divisor of o and 196.
49
Let s = -14 + 23. Suppose 14 = -2*a + 4*v, -39*a - 29 = -44*a + 2*v. Calculate the highest common factor of s and a.
9
Let b(l) = -6 + 5 - 13 - 9 - 2*l + 9*l**2. Let s be b(-10). Calculate the greatest common factor of s and 39.
39
Suppose -2*d = 5*i - 120, 151 = 2*d + i + 15. Suppose 2*p - 2*h = 12, 17*h = -4*p + 14*h + 31. Calculate the highest common divisor of p and d.
7
Let x = 26 + -19. Let j = -23 - -26. Suppose j*h = x + 98. What is the highest common divisor of h and 5?
5
Suppose -5*b = -5*h - 5, 3*b + 0*b = h - 7. Let x(o) = -3*o + 1. Let j be x(b). Let n be (-15)/(-25)*3*65. What is the greatest common divisor of n and j?
13
Suppose 248*t - 11552 = 229*t. What is the greatest common divisor of 1140 and t?
76
Suppose -2*g + 2275 = -3*s, 3*g = s - 0*s + 749. Let j = s + 809. What is the highest common divisor of 132 and j?
12
Let x = -88 - -64. Let i be (-135 - x)/(3/(-2)). What is the highest common divisor of 2 and i?
2
Suppose 533*g = 524*g + 23499. What is the highest common divisor of g and 7?
7
Let w = 15400 - 15330. What is the highest common factor of 8995 and w?
35
Let f be (-2)/((2/(-7))/((-144)/(-28))). Calculate the greatest common factor of 43416 and f.
36
Suppose -16122 = 51*m + 22791. Let o = -439 - m. Calculate the greatest common divisor of o and 4.
4
Let c = 49 - 24. Suppose 23 + 5 = 7*m. Suppose 0 = 3*y + m*p - 19, 3*y + 2*p - 16 = p. Calculate the greatest common factor of c and y.
5
Suppose 138 = -3*w + 9*w. Suppose 5*f = w + 2. Suppose 0 = -f*u - j + 91, -2*u - u - j = -55. Calculate the highest common divisor of u and 9.
9
Suppose 0 = 149*o - 100*o - 103*o + 8640. Let q = -7 - -17. What is the greatest common factor of q and o?
10
Suppose 2*g + 11*g - 2280 = 3*g. Calculate the highest common divisor of g and 3819.
57
Let g = -469 + 478. Let x = 19 + -18. Calculate the highest common divisor of x and g.
1
Let v(x) = x - 32. Let z be v(16). Let s be ((-36)/z - 2)*44 - -1. Let l = s - 3. Calculate the greatest common factor of 9 and l.
9
Let x be 984/15 + (-14)/(-35). What is the greatest common factor of 3102 and x?
66
Let q = -12643 + 13059. What is the highest common factor of 6188 and q?
52
Let u = -1309